{"id":177,"date":"2026-04-06T20:54:50","date_gmt":"2026-04-07T00:54:50","guid":{"rendered":"https:\/\/addguadeloupe.fr\/index.php\/add-guadeloupe\/"},"modified":"2026-04-08T08:37:17","modified_gmt":"2026-04-08T12:37:17","slug":"add-guadeloupe","status":"publish","type":"page","link":"https:\/\/addguadeloupe.fr\/","title":{"rendered":"ADD Guadeloupe"},"content":{"rendered":"\t\t<div data-elementor-type=\"wp-page\" data-elementor-id=\"177\" class=\"elementor elementor-177\">\n\t\t\t\t\t\t<section class=\"elementor-section elementor-top-section elementor-element elementor-element-4ed25779 elementor-section-stretched elementor-section-full_width elementor-section-height-default elementor-section-height-default\" data-id=\"4ed25779\" data-element_type=\"section\" data-e-type=\"section\" data-settings=\"{&quot;stretch_section&quot;:&quot;section-stretched&quot;,&quot;background_background&quot;:&quot;classic&quot;}\">\n\t\t\t\t\t\t<div class=\"elementor-container elementor-column-gap-default\">\n\t\t\t\t\t<div class=\"elementor-column elementor-col-100 elementor-top-column elementor-element elementor-element-1c9ee788\" data-id=\"1c9ee788\" data-element_type=\"column\" data-e-type=\"column\">\n\t\t\t<div class=\"elementor-widget-wrap elementor-element-populated\">\n\t\t\t\t\t\t<section class=\"elementor-section elementor-inner-section elementor-element elementor-element-1da10569 elementor-section-boxed elementor-section-height-default elementor-section-height-default\" data-id=\"1da10569\" data-element_type=\"section\" data-e-type=\"section\">\n\t\t\t\t\t\t<div class=\"elementor-container elementor-column-gap-default\">\n\t\t\t\t\t<div class=\"elementor-column elementor-col-33 elementor-inner-column elementor-element elementor-element-b8638a8\" data-id=\"b8638a8\" data-element_type=\"column\" data-e-type=\"column\">\n\t\t\t<div class=\"elementor-widget-wrap elementor-element-populated\">\n\t\t\t\t\t\t<div class=\"elementor-element elementor-element-6eaeb334 elementor-widget elementor-widget-tp-info-box\" data-id=\"6eaeb334\" data-element_type=\"widget\" data-e-type=\"widget\" data-widget_type=\"tp-info-box.default\">\n\t\t\t\t\t<div id=\"info_box69dda02112ab7\" class=\"pt_plus_info_box  info_box69dda02112ab7 info-box-style_3     \"  data-id=\"info_box69dda02112ab7\" ><div class=\"post-inner-loop \"><div class=\"info-box-inner content_hover_effect \"><div class=\"info-box-bg-box service-border-box \"><div class=\" info-box-content \"><div class=\"service-center\"><div class=\"info-icon-content\"><\/div><a href=\"https:\/\/www.youtube.com\/channel\/UCJ5eSTljuHvuo9gD8VKMI5A\/videos\" ><div class=\"service-title \"> ADD GUADELOUPE TV <\/div><\/a><div class=\"service-border\"> <\/div><div class=\"service-desc\"> <p>Visionnez ou revisionnez le culte vid\u00e9o de la F\u00e9d\u00e9ration sur notre cha\u00eene YouTube<\/p> <\/div><\/div><\/div><div class=\"infobox-overlay-color\"><\/div><\/div><\/div><\/div><\/div>\t\t\t\t<\/div>\n\t\t\t\t<div class=\"elementor-element elementor-element-758665a1 elementor-widget elementor-widget-button\" data-id=\"758665a1\" data-element_type=\"widget\" data-e-type=\"widget\" data-widget_type=\"button.default\">\n\t\t\t\t\t\t\t\t\t\t<a class=\"elementor-button elementor-button-link elementor-size-sm\" href=\"https:\/\/www.youtube.com\/channel\/UCJ5eSTljuHvuo9gD8VKMI5A\/videos\">\n\t\t\t\t\t\t<span class=\"elementor-button-content-wrapper\">\n\t\t\t\t\t\t\t\t\t<span class=\"elementor-button-text\">Cliquez ici<\/span>\n\t\t\t\t\t<\/span>\n\t\t\t\t\t<\/a>\n\t\t\t\t\t\t\t\t<\/div>\n\t\t\t\t\t<\/div>\n\t\t<\/div>\n\t\t\t\t<div class=\"elementor-column elementor-col-33 elementor-inner-column elementor-element elementor-element-734096c4\" data-id=\"734096c4\" data-element_type=\"column\" data-e-type=\"column\">\n\t\t\t<div class=\"elementor-widget-wrap elementor-element-populated\">\n\t\t\t\t\t\t<div class=\"elementor-element elementor-element-57ff1911 elementor-widget elementor-widget-tp-info-box\" data-id=\"57ff1911\" data-element_type=\"widget\" data-e-type=\"widget\" data-widget_type=\"tp-info-box.default\">\n\t\t\t\t\t<div id=\"info_box69dda02113255\" class=\"pt_plus_info_box  info_box69dda02113255 info-box-style_3     \"  data-id=\"info_box69dda02113255\" ><div class=\"post-inner-loop \"><div class=\"info-box-inner content_hover_effect \"><div class=\"info-box-bg-box service-border-box \"><div class=\" info-box-content \"><div class=\"service-center\"><div class=\"info-icon-content\"><\/div><a href=\"http:\/\/10.10.77.158:8080\/annuaire-des-add-guadeloupe\/\" ><div class=\"service-title \"> Annuaire des ADD <\/div><\/a><div class=\"service-border\"> <\/div><div class=\"service-desc\"> <p>Trouvez et contactez l'Assembl\u00e9e de Dieu la plus proche de votre domicile<\/p> <\/div><\/div><\/div><div class=\"infobox-overlay-color\"><\/div><\/div><\/div><\/div><\/div>\t\t\t\t<\/div>\n\t\t\t\t<div class=\"elementor-element elementor-element-7b2aa697 elementor-widget elementor-widget-button\" data-id=\"7b2aa697\" data-element_type=\"widget\" data-e-type=\"widget\" data-widget_type=\"button.default\">\n\t\t\t\t\t\t\t\t\t\t<a class=\"elementor-button elementor-button-link elementor-size-sm\" href=\"https:\/\/addguadeloupe.fr\/index.php\/annuaire-des-add-de-guadeloupe\/\">\n\t\t\t\t\t\t<span class=\"elementor-button-content-wrapper\">\n\t\t\t\t\t\t\t\t\t<span class=\"elementor-button-text\">Cliquez ici<\/span>\n\t\t\t\t\t<\/span>\n\t\t\t\t\t<\/a>\n\t\t\t\t\t\t\t\t<\/div>\n\t\t\t\t\t<\/div>\n\t\t<\/div>\n\t\t\t\t<div class=\"elementor-column elementor-col-33 elementor-inner-column elementor-element elementor-element-17cdc9d6\" data-id=\"17cdc9d6\" data-element_type=\"column\" data-e-type=\"column\">\n\t\t\t<div class=\"elementor-widget-wrap elementor-element-populated\">\n\t\t\t\t\t\t<div class=\"elementor-element elementor-element-128d1e8f elementor-widget elementor-widget-tp-info-box\" data-id=\"128d1e8f\" data-element_type=\"widget\" data-e-type=\"widget\" data-widget_type=\"tp-info-box.default\">\n\t\t\t\t\t<div id=\"info_box69dda02113860\" class=\"pt_plus_info_box  info_box69dda02113860 info-box-style_3     \"  data-id=\"info_box69dda02113860\" ><div class=\"post-inner-loop \"><div class=\"info-box-inner content_hover_effect \"><div class=\"info-box-bg-box service-border-box \"><div class=\" info-box-content \"><div class=\"service-center\"><div class=\"info-icon-content\"><\/div><a href=\"http:\/\/10.10.77.158:8080\/rsv-radio-souffle-de-vie\/\" ><div class=\"service-title \"> Radio Souffle de Vie <\/div><\/a><div class=\"service-border\"> <\/div><div class=\"service-desc\"> <p>Ecoutez RSV en ligne, la radio au service de l'Evangile<\/p> <\/div><\/div><\/div><div class=\"infobox-overlay-color\"><\/div><\/div><\/div><\/div><\/div>\t\t\t\t<\/div>\n\t\t\t\t<div class=\"elementor-element elementor-element-24cf6e7d elementor-widget elementor-widget-button\" data-id=\"24cf6e7d\" data-element_type=\"widget\" data-e-type=\"widget\" data-widget_type=\"button.default\">\n\t\t\t\t\t\t\t\t\t\t<a class=\"elementor-button elementor-button-link elementor-size-sm\" href=\"https:\/\/addguadeloupe.fr\/index.php\/rsv-radio-souffle-de-vie-101-4fm\/\">\n\t\t\t\t\t\t<span class=\"elementor-button-content-wrapper\">\n\t\t\t\t\t\t\t\t\t<span class=\"elementor-button-text\">Cliquez ici<\/span>\n\t\t\t\t\t<\/span>\n\t\t\t\t\t<\/a>\n\t\t\t\t\t\t\t\t<\/div>\n\t\t\t\t\t<\/div>\n\t\t<\/div>\n\t\t\t\t\t<\/div>\n\t\t<\/section>\n\t\t\t\t\t<\/div>\n\t\t<\/div>\n\t\t\t\t\t<\/div>\n\t\t<\/section>\n\t\t\t\t<section class=\"elementor-section elementor-top-section elementor-element elementor-element-5eff6609 elementor-section-stretched elementor-section-full_width elementor-section-height-default elementor-section-height-default\" data-id=\"5eff6609\" data-element_type=\"section\" data-e-type=\"section\" data-settings=\"{&quot;stretch_section&quot;:&quot;section-stretched&quot;,&quot;shape_divider_top&quot;:&quot;tilt&quot;}\">\n\t\t\t\t\t<div class=\"elementor-shape elementor-shape-top\" aria-hidden=\"true\" data-negative=\"false\">\n\t\t\t<svg xmlns=\"http:\/\/www.w3.org\/2000\/svg\" viewBox=\"0 0 1000 100\" preserveAspectRatio=\"none\">\n\t<path class=\"elementor-shape-fill\" d=\"M0,6V0h1000v100L0,6z\"\/>\n<\/svg>\t\t<\/div>\n\t\t\t\t\t<div class=\"elementor-container elementor-column-gap-default\">\n\t\t\t\t\t<div class=\"elementor-column elementor-col-100 elementor-top-column elementor-element elementor-element-3d88b514\" data-id=\"3d88b514\" data-element_type=\"column\" data-e-type=\"column\">\n\t\t\t<div class=\"elementor-widget-wrap elementor-element-populated\">\n\t\t\t\t\t\t<section class=\"elementor-section elementor-inner-section elementor-element elementor-element-6f606f9a elementor-section-boxed elementor-section-height-default elementor-section-height-default\" data-id=\"6f606f9a\" data-element_type=\"section\" data-e-type=\"section\">\n\t\t\t\t\t\t<div class=\"elementor-container elementor-column-gap-default\">\n\t\t\t\t\t<div class=\"elementor-column elementor-col-100 elementor-inner-column elementor-element elementor-element-43bf42c4\" data-id=\"43bf42c4\" data-element_type=\"column\" data-e-type=\"column\">\n\t\t\t<div class=\"elementor-widget-wrap elementor-element-populated\">\n\t\t\t\t\t\t<div class=\"elementor-element elementor-element-67f17bbc elementor-widget elementor-widget-heading\" data-id=\"67f17bbc\" data-element_type=\"widget\" data-e-type=\"widget\" data-widget_type=\"heading.default\">\n\t\t\t\t\t<h3 class=\"elementor-heading-title elementor-size-default\">Pour \u00e9viter toute fausse information, les voies de communication officielles des ADD de Guadeloupe seront :<br>- la radio RSV - 101.4 Mhz - rsv-gpe.info<br>- le site internet de la f\u00e9d\u00e9ration : addguadeloupe.fr<br>ou alors contactez directement votre responsable spirituel.<\/h3>\t\t\t\t<\/div>\n\t\t\t\t\t<\/div>\n\t\t<\/div>\n\t\t\t\t\t<\/div>\n\t\t<\/section>\n\t\t\t\t\t<\/div>\n\t\t<\/div>\n\t\t\t\t\t<\/div>\n\t\t<\/section>\n\t\t\t\t<section class=\"elementor-section elementor-top-section elementor-element elementor-element-3589efc0 elementor-section-boxed elementor-section-height-default elementor-section-height-default\" data-id=\"3589efc0\" data-element_type=\"section\" data-e-type=\"section\">\n\t\t\t\t\t\t<div class=\"elementor-container elementor-column-gap-default\">\n\t\t\t\t\t<div class=\"elementor-column elementor-col-100 elementor-top-column elementor-element elementor-element-51c22bf8\" data-id=\"51c22bf8\" data-element_type=\"column\" data-e-type=\"column\">\n\t\t\t<div class=\"elementor-widget-wrap elementor-element-populated\">\n\t\t\t\t\t\t\t<\/div>\n\t\t<\/div>\n\t\t\t\t\t<\/div>\n\t\t<\/section>\n\t\t\t\t<section class=\"elementor-section elementor-top-section elementor-element elementor-element-79225d79 elementor-section-stretched elementor-section-full_width elementor-section-height-default elementor-section-height-default\" data-id=\"79225d79\" data-element_type=\"section\" data-e-type=\"section\" data-settings=\"{&quot;stretch_section&quot;:&quot;section-stretched&quot;,&quot;background_background&quot;:&quot;classic&quot;}\">\n\t\t\t\t\t\t<div class=\"elementor-container elementor-column-gap-default\">\n\t\t\t\t\t<div class=\"elementor-column elementor-col-100 elementor-top-column elementor-element elementor-element-12084503\" data-id=\"12084503\" data-element_type=\"column\" data-e-type=\"column\">\n\t\t\t<div class=\"elementor-widget-wrap elementor-element-populated\">\n\t\t\t\t\t\t<div class=\"elementor-element elementor-element-48f12a2a elementor-widget elementor-widget-heading\" data-id=\"48f12a2a\" data-element_type=\"widget\" data-e-type=\"widget\" data-widget_type=\"heading.default\">\n\t\t\t\t\t<h4 class=\"elementor-heading-title elementor-size-default\">F\u00e9d\u00e9ration des Assembl\u00e9es de Dieu de Guadeloupe 2021 \u00a9 Tous droits r\u00e9serv\u00e9s<\/h4>\t\t\t\t<\/div>\n\t\t\t\t\t<\/div>\n\t\t<\/div>\n\t\t\t\t\t<\/div>\n\t\t<\/section>\n\t\t\t\t<\/div>\n\t\t","protected":false},"excerpt":{"rendered":"<p>ADD GUADELOUPE TV Visionnez ou revisionnez le culte vid\u00e9o de la F\u00e9d\u00e9ration sur notre cha\u00eene YouTube Cliquez ici Annuaire des ADD Trouvez et contactez l&rsquo;Assembl\u00e9e de Dieu la plus proche de votre domicile Cliquez ici Radio Souffle de Vie Ecoutez RSV en ligne, la radio au service de l&rsquo;Evangile Cliquez ici Pour \u00e9viter toute fausse &hellip; <\/p>\n<p class=\"link-more\"><a href=\"https:\/\/addguadeloupe.fr\/\" class=\"more-link\">Lire la suite de<span class=\"screen-reader-text\">\u00ab\u00a0ADD Guadeloupe\u00a0\u00bb<\/span><\/a><\/p>\n","protected":false},"author":1,"featured_media":0,"parent":0,"menu_order":0,"comment_status":"closed","ping_status":"closed","template":"","meta":{"_monsterinsights_skip_tracking":false,"_monsterinsights_sitenote_active":false,"_monsterinsights_sitenote_note":"","_monsterinsights_sitenote_category":0,"inspiro_hide_title":false,"footnotes":""},"class_list":["post-177","page","type-page","status-publish","hentry"],"yoast_head":"<!-- This site is optimized with the Yoast SEO plugin v27.3 - https:\/\/yoast.com\/product\/yoast-seo-wordpress\/ -->\n<title>ADD Guadeloupe - F\u00e9d\u00e9ration des Assembl\u00e9es de Dieu en Guadeloupe<\/title>\n<meta name=\"robots\" content=\"index, follow, max-snippet:-1, max-image-preview:large, max-video-preview:-1\" \/>\n<link rel=\"canonical\" href=\"https:\/\/addguadeloupe.fr\/\" \/>\n<meta property=\"og:locale\" content=\"fr_FR\" \/>\n<meta property=\"og:type\" content=\"article\" \/>\n<meta property=\"og:title\" content=\"ADD Guadeloupe - F\u00e9d\u00e9ration des Assembl\u00e9es de Dieu en Guadeloupe\" \/>\n<meta property=\"og:description\" content=\"ADD GUADELOUPE TV Visionnez ou revisionnez le culte vid\u00e9o de la F\u00e9d\u00e9ration sur notre cha\u00eene YouTube Cliquez ici Annuaire des ADD Trouvez et contactez l&rsquo;Assembl\u00e9e de Dieu la plus proche de votre domicile Cliquez ici Radio Souffle de Vie Ecoutez RSV en ligne, la radio au service de l&rsquo;Evangile Cliquez ici Pour \u00e9viter toute fausse &hellip; Lire la suite de\u00ab\u00a0ADD Guadeloupe\u00a0\u00bb\" \/>\n<meta property=\"og:url\" content=\"https:\/\/addguadeloupe.fr\/\" \/>\n<meta property=\"og:site_name\" content=\"F\u00e9d\u00e9ration des Assembl\u00e9es de Dieu en Guadeloupe\" \/>\n<meta property=\"article:modified_time\" content=\"2026-04-08T12:37:17+00:00\" \/>\n<meta name=\"twitter:card\" content=\"summary_large_image\" \/>\n<meta name=\"twitter:label1\" content=\"Dur\u00e9e de lecture estim\u00e9e\" \/>\n\t<meta name=\"twitter:data1\" content=\"1 minute\" \/>\n<script type=\"application\/ld+json\" class=\"yoast-schema-graph\">{\"@context\":\"https:\\\/\\\/schema.org\",\"@graph\":[{\"@type\":\"WebPage\",\"@id\":\"https:\\\/\\\/addguadeloupe.fr\\\/\",\"url\":\"https:\\\/\\\/addguadeloupe.fr\\\/\",\"name\":\"ADD Guadeloupe - F\u00e9d\u00e9ration des Assembl\u00e9es de Dieu en Guadeloupe\",\"isPartOf\":{\"@id\":\"https:\\\/\\\/addguadeloupe.fr\\\/#website\"},\"datePublished\":\"2026-04-07T00:54:50+00:00\",\"dateModified\":\"2026-04-08T12:37:17+00:00\",\"breadcrumb\":{\"@id\":\"https:\\\/\\\/addguadeloupe.fr\\\/#breadcrumb\"},\"inLanguage\":\"fr-FR\",\"potentialAction\":[{\"@type\":\"ReadAction\",\"target\":[\"https:\\\/\\\/addguadeloupe.fr\\\/\"]}]},{\"@type\":\"BreadcrumbList\",\"@id\":\"https:\\\/\\\/addguadeloupe.fr\\\/#breadcrumb\",\"itemListElement\":[{\"@type\":\"ListItem\",\"position\":1,\"name\":\"Home\",\"item\":\"https:\\\/\\\/addguadeloupe.fr\\\/\"},{\"@type\":\"ListItem\",\"position\":2,\"name\":\"ADD Guadeloupe\"}]},{\"@type\":\"WebSite\",\"@id\":\"https:\\\/\\\/addguadeloupe.fr\\\/#website\",\"url\":\"https:\\\/\\\/addguadeloupe.fr\\\/\",\"name\":\"F\u00e9d\u00e9ration des Assembl\u00e9es de Dieu en Guadeloupe\",\"description\":\"J\u00e9sus-Christ est le chemin la v\u00e9rit\u00e9 et la vie\",\"publisher\":{\"@id\":\"https:\\\/\\\/addguadeloupe.fr\\\/#organization\"},\"potentialAction\":[{\"@type\":\"SearchAction\",\"target\":{\"@type\":\"EntryPoint\",\"urlTemplate\":\"https:\\\/\\\/addguadeloupe.fr\\\/?s={search_term_string}\"},\"query-input\":{\"@type\":\"PropertyValueSpecification\",\"valueRequired\":true,\"valueName\":\"search_term_string\"}}],\"inLanguage\":\"fr-FR\"},{\"@type\":\"Organization\",\"@id\":\"https:\\\/\\\/addguadeloupe.fr\\\/#organization\",\"name\":\"F\u00e9d\u00e9ration des Assembl\u00e9es de Dieu en Guadeloupe\",\"url\":\"https:\\\/\\\/addguadeloupe.fr\\\/\",\"logo\":{\"@type\":\"ImageObject\",\"inLanguage\":\"fr-FR\",\"@id\":\"https:\\\/\\\/addguadeloupe.fr\\\/#\\\/schema\\\/logo\\\/image\\\/\",\"url\":\"https:\\\/\\\/addguadeloupe.fr\\\/wp-content\\\/uploads\\\/2026\\\/04\\\/Logo-add.png\",\"contentUrl\":\"https:\\\/\\\/addguadeloupe.fr\\\/wp-content\\\/uploads\\\/2026\\\/04\\\/Logo-add.png\",\"width\":1054,\"height\":586,\"caption\":\"F\u00e9d\u00e9ration des Assembl\u00e9es de Dieu en Guadeloupe\"},\"image\":{\"@id\":\"https:\\\/\\\/addguadeloupe.fr\\\/#\\\/schema\\\/logo\\\/image\\\/\"}}]}<\/script>\n<!-- \/ Yoast SEO plugin. -->","yoast_head_json":{"title":"ADD Guadeloupe - F\u00e9d\u00e9ration des Assembl\u00e9es de Dieu en Guadeloupe","robots":{"index":"index","follow":"follow","max-snippet":"max-snippet:-1","max-image-preview":"max-image-preview:large","max-video-preview":"max-video-preview:-1"},"canonical":"https:\/\/addguadeloupe.fr\/","og_locale":"fr_FR","og_type":"article","og_title":"ADD Guadeloupe - F\u00e9d\u00e9ration des Assembl\u00e9es de Dieu en Guadeloupe","og_description":"ADD GUADELOUPE TV Visionnez ou revisionnez le culte vid\u00e9o de la F\u00e9d\u00e9ration sur notre cha\u00eene YouTube Cliquez ici Annuaire des ADD Trouvez et contactez l&rsquo;Assembl\u00e9e de Dieu la plus proche de votre domicile Cliquez ici Radio Souffle de Vie Ecoutez RSV en ligne, la radio au service de l&rsquo;Evangile Cliquez ici Pour \u00e9viter toute fausse &hellip; Lire la suite de\u00ab\u00a0ADD Guadeloupe\u00a0\u00bb","og_url":"https:\/\/addguadeloupe.fr\/","og_site_name":"F\u00e9d\u00e9ration des Assembl\u00e9es de Dieu en Guadeloupe","article_modified_time":"2026-04-08T12:37:17+00:00","twitter_card":"summary_large_image","twitter_misc":{"Dur\u00e9e de lecture estim\u00e9e":"1 minute"},"schema":{"@context":"https:\/\/schema.org","@graph":[{"@type":"WebPage","@id":"https:\/\/addguadeloupe.fr\/","url":"https:\/\/addguadeloupe.fr\/","name":"ADD Guadeloupe - F\u00e9d\u00e9ration des Assembl\u00e9es de Dieu en Guadeloupe","isPartOf":{"@id":"https:\/\/addguadeloupe.fr\/#website"},"datePublished":"2026-04-07T00:54:50+00:00","dateModified":"2026-04-08T12:37:17+00:00","breadcrumb":{"@id":"https:\/\/addguadeloupe.fr\/#breadcrumb"},"inLanguage":"fr-FR","potentialAction":[{"@type":"ReadAction","target":["https:\/\/addguadeloupe.fr\/"]}]},{"@type":"BreadcrumbList","@id":"https:\/\/addguadeloupe.fr\/#breadcrumb","itemListElement":[{"@type":"ListItem","position":1,"name":"Home","item":"https:\/\/addguadeloupe.fr\/"},{"@type":"ListItem","position":2,"name":"ADD Guadeloupe"}]},{"@type":"WebSite","@id":"https:\/\/addguadeloupe.fr\/#website","url":"https:\/\/addguadeloupe.fr\/","name":"F\u00e9d\u00e9ration des Assembl\u00e9es de Dieu en Guadeloupe","description":"J\u00e9sus-Christ est le chemin la v\u00e9rit\u00e9 et la vie","publisher":{"@id":"https:\/\/addguadeloupe.fr\/#organization"},"potentialAction":[{"@type":"SearchAction","target":{"@type":"EntryPoint","urlTemplate":"https:\/\/addguadeloupe.fr\/?s={search_term_string}"},"query-input":{"@type":"PropertyValueSpecification","valueRequired":true,"valueName":"search_term_string"}}],"inLanguage":"fr-FR"},{"@type":"Organization","@id":"https:\/\/addguadeloupe.fr\/#organization","name":"F\u00e9d\u00e9ration des Assembl\u00e9es de Dieu en Guadeloupe","url":"https:\/\/addguadeloupe.fr\/","logo":{"@type":"ImageObject","inLanguage":"fr-FR","@id":"https:\/\/addguadeloupe.fr\/#\/schema\/logo\/image\/","url":"https:\/\/addguadeloupe.fr\/wp-content\/uploads\/2026\/04\/Logo-add.png","contentUrl":"https:\/\/addguadeloupe.fr\/wp-content\/uploads\/2026\/04\/Logo-add.png","width":1054,"height":586,"caption":"F\u00e9d\u00e9ration des Assembl\u00e9es de Dieu en Guadeloupe"},"image":{"@id":"https:\/\/addguadeloupe.fr\/#\/schema\/logo\/image\/"}}]}},"featured_media_urls":[],"_links":{"self":[{"href":"https:\/\/addguadeloupe.fr\/index.php\/wp-json\/wp\/v2\/pages\/177","targetHints":{"allow":["GET"]}}],"collection":[{"href":"https:\/\/addguadeloupe.fr\/index.php\/wp-json\/wp\/v2\/pages"}],"about":[{"href":"https:\/\/addguadeloupe.fr\/index.php\/wp-json\/wp\/v2\/types\/page"}],"author":[{"embeddable":true,"href":"https:\/\/addguadeloupe.fr\/index.php\/wp-json\/wp\/v2\/users\/1"}],"replies":[{"embeddable":true,"href":"https:\/\/addguadeloupe.fr\/index.php\/wp-json\/wp\/v2\/comments?post=177"}],"version-history":[{"count":13,"href":"https:\/\/addguadeloupe.fr\/index.php\/wp-json\/wp\/v2\/pages\/177\/revisions"}],"predecessor-version":[{"id":349,"href":"https:\/\/addguadeloupe.fr\/index.php\/wp-json\/wp\/v2\/pages\/177\/revisions\/349"}],"wp:attachment":[{"href":"https:\/\/addguadeloupe.fr\/index.php\/wp-json\/wp\/v2\/media?parent=177"}],"curies":[{"name":"wp","href":"https:\/\/api.w.org\/{rel}","templated":true}]}}